 - 6*g = 3*k - 660. What is the units digit of k?
5
Suppose 46*p - 44*p - 204 = 0. What is the hundreds digit of p?
1
Suppose -4*b - 14 = -2*b. Let w(r) = -r**3 + r**2 + 12. Let g be w(0). Let d = b + g. What is the units digit of d?
5
Let s be ((-3)/4)/(18/(-48)). Suppose s*p = -5*y + 180, -2*p - 144 = -y - 3*y. What is the units digit of y?
6
Suppose -l - 12 = l. What is the tens digit of ((-22)/(-1))/(-4 - l)?
1
Suppose -26 = 3*d - 7*d + 5*y, -d + 5*y + 14 = 0. Let t(x) = x**3 - x**2 + x - 5. What is the units digit of t(d)?
7
Suppose -3*a + 112 = 16. What is the units digit of a?
2
Let x(l) = 3*l**3 + l**2 + 2*l + 1. Let a be x(-1). Let q = 5 + a. What is the units digit of (-8)/4*(-1)/q?
1
What is the units digit of 345/12 + 6/(-8)?
8
Suppose -3*d - 3 = -6*d. Let v(g) = 5*g. What is the units digit of v(d)?
5
Let o = -28 - -7. Let c = o + 27. What is the units digit of c?
6
Suppose 5*w + 2*u - u = 655, 0 = -3*w - 4*u + 410. What is the units digit of w?
0
Suppose 3*y + 21 = 171. Suppose -p = -6*p + y. What is the units digit of p?
0
What is the units digit of (4911/(-27) + (-2)/18)*-1?
2
Suppose 3*r = -2*d + 288, -r + 2*r - 96 = -d. What is the units digit of r?
6
Let o be (-3 + 8)/(1/1). Let h = o - -3. What is the units digit of h?
8
Let v(u) = 4*u - 2*u**2 + 8 - 6*u + 3*u**2 - u. Let a be v(6). What is the units digit of (-115)/(-13) - (-4)/a?
9
Let h(r) = -27*r - 31. What is the hundreds digit of h(-9)?
2
Suppose 35 - 15 = 5*j. Suppose -4*n - 78 = -j*w - n, n = 4*w - 82. What is the units digit of w?
1
Let c(o) = -3*o**2 - 7*o + 11. Let t(s) = s**2 - s. Let d(b) = c(b) + 4*t(b). What is the units digit of d(10)?
1
Let z(t) = 2*t**2 - 1 - t**2 + 4*t - 5*t. Suppose -3*y - 5 = 2*y. What is the units digit of z(y)?
1
Suppose 280 = 4*z + i, 4*z = -0*z + 5*i + 304. What is the units digit of z?
1
Let u be 8220/50 + (-4)/10. Suppose -308 = -5*y - 2*v, -3*y + v = -3*v - u. Suppose 4*z = -5*f + 79, -4*z + y = 4*f - 0*f. What is the tens digit of f?
1
Let k = 16 - 16. What is the tens digit of (-51)/(-6)*(k - -2)?
1
Let x(a) be the third derivative of -5/12*a**4 + 0*a - 1/60*a**5 + 0 - 5/3*a**3 + 3*a**2. What is the units digit of x(-7)?
1
Suppose 0 = 5*n + v - 50, -4*n + 16 + 24 = -4*v. Suppose n = -2*k, 2*k + 6 = 5*y - 44. What is the units digit of y?
8
Suppose 0*x + 3*x = 3*y - 324, -5*x - 328 = -3*y. What is the hundreds digit of y?
1
Suppose -f - 5*x - 8 = 0, f = x + 7 + 3. What is the units digit of f?
7
Let u(g) = -g**3 + 2*g**2 - 2*g + 1. Let r be u(1). Suppose r = -5*s + 32 - 12. Suppose 0 = y + p - 3 - s, -3 = -y - 5*p. What is the units digit of y?
8
Let s be (2/4)/(6/60). Suppose q - s*q = -148. What is the tens digit of q?
3
Suppose -3*w - 19 - 11 = 0. Let p be 1/(1 - 2) - w. What is the units digit of (p/6 + 1)*2?
5
Suppose 13 = -5*w + 63. Suppose -5 - w = -x. What is the units digit of x?
5
Let k(m) = 11*m**3 - 4. What is the units digit of k(2)?
4
Suppose -1863 = 3*n - 12*n. What is the tens digit of n?
0
Suppose 3*p - 148 = -p. What is the tens digit of p?
3
Suppose 89 = 3*z - 4*o, -2*z + 71 = -0*z - 5*o. Let u = z + -13. What is the units digit of u?
0
Suppose 3*t - 20 = -2*t. Let m = t + -1. What is the units digit of m?
3
Suppose -43 = -4*b + 37. Suppose -3*p + b = -1. Suppose p + 1 = c. What is the units digit of c?
8
Suppose 7*y - 2331 = -721. What is the hundreds digit of y?
2
Suppose 4*v - 1333 + 301 = 0. What is the units digit of v?
8
Let t(c) = 2*c**3 - 2*c**2 + 1. What is the tens digit of t(4)?
9
Suppose 0*h = -3*h - 12. Let w(x) be the first derivative of x**4/4 + 4*x**3/3 - x**2/2 - 3*x + 13. What is the units digit of w(h)?
1
Let c(w) = 46*w**3 - 2*w + 1. Let n be c(1). Suppose 5*s - 320 + n = 0. What is the units digit of s?
5
Suppose 3*n = 7*n + 8. Let l = -12 + 17. Let h = l + n. What is the units digit of h?
3
Let r = 795 + -548. What is the tens digit of r?
4
Suppose 372 = 2*p + 2*t, -2*t + 493 + 60 = 3*p. Let k = -105 + p. Suppose -k = -5*a + a. What is the units digit of a?
9
Suppose -16 = -9*z + z. Suppose -4*w = -12, 0*w + w = z*a - 73. What is the tens digit of a?
3
Suppose -r + 4 = -34. Suppose 4*x + r + 22 = 0. What is the tens digit of 10/x - (-124)/6?
2
Let g(y) = -y**3 + 6*y**2 - 5*y + 2. Let i be g(5). Suppose 0*r + 2 = -i*n + 3*r, 0 = 3*n - 3*r - 3. What is the units digit of n?
5
Suppose 5*b - 556 = o, 6*b + o = 4*b + 221. What is the units digit of b?
1
Let a(k) = k**2 + 3*k - 1. Let v be a(-4). Let p = -6 + v. What is the units digit of 0 + (-2)/2 - p?
2
Let t(d) = d - 5. Let a be t(5). Suppose -5*m + 4*c - 52 = a, -5*c - 27 - 31 = 4*m. What is the tens digit of ((-30)/(-4))/((-6)/m)?
1
Let w be 3/2*(-20)/(-3). Suppose -7*b = -9*b + 36. What is the units digit of (w*2)/(b/9)?
0
Let b = -1 - -96. What is the tens digit of b?
9
Suppose 3*b = -2*b + 790. Suppose -25 = -2*q - 3*f, 5*q - f - b = -53. What is the tens digit of q?
2
Suppose 0*f = 2*f - 18. Let z = f + -6. What is the units digit of z?
3
Let s(i) = i**2 + 8*i. Let r be s(-5). What is the tens digit of 5 + (-4 - -1) - r?
1
Let j = -6 + 1. What is the units digit of (-2)/8 + j/(-4)?
1
Let b(l) be the third derivative of l**6/90 - l**5/60 - l**4/24 - 2*l**2. Let j(c) be the second derivative of b(c). What is the tens digit of j(2)?
1
Let l(a) be the third derivative of -a**5/60 + a**4/24 + 3*a**3/2 + 3*a**2. Let z be l(0). What is the units digit of (14/21)/(1/z)?
6
Let y be 10/15 - 7/(-3). Suppose y*p - h - 126 = 0, 4*p - 208 = -p + h. What is the tens digit of p?
4
Let b = 1 - -4. Suppose -b*f - 58 = -183. What is the units digit of f?
5
Let c = -149 + 330. What is the hundreds digit of c?
1
Let a = -257 - -387. What is the units digit of a?
0
Suppose m = 2 + 87. What is the units digit of m?
9
Suppose -b - 3*o = -27, -o + 33 = b - 0*o. What is the units digit of 768/b - (-2)/3?
2
Suppose 0 = -0*l + 2*l - 3*u - 155, -3*u + 173 = 2*l. What is the units digit of l?
2
Let h = -2 + 5. What is the units digit of 3*(h - (-21)/(-9))?
2
Let f = -44 - -50. What is the units digit of f?
6
Let o(d) = 7*d**2 - d + 2. What is the units digit of o(3)?
2
Suppose -5*o + o = -168. What is the tens digit of o?
4
Let h(a) = -a + 7. Let g be h(-6). Let x = 6 - 2. Suppose -5*f = 3*t - 21, f - x*f + g = 2*t. What is the units digit of f?
3
Suppose 8 = -4*q + 24. What is the units digit of q?
4
Let a = 3 - 1. Let q be ((-1)/(-1))/(2/14). Suppose -q - 11 = -a*o. What is the units digit of o?
9
Let a = -34 + 67. What is the tens digit of a?
3
Let h(c) = -5*c**3 - c**2 - c - 1. Let v(k) = k - 2. Let m be v(1). What is the units digit of h(m)?
4
Let t(z) = z**3 - 14*z**2 + 3*z - 5. Let r(y) = -y**3 + 15*y**2 - 3*y + 5. Let n(l) = 3*r(l) + 4*t(l). What is the tens digit of n(11)?
2
Suppose u + 2*u + 21 = 0. Let s(p) = -8*p + 6. Let t(f) = 7*f - 5. Let b(h) = u*t(h) - 6*s(h). What is the units digit of b(-8)?
7
Let k(v) = 10*v**2 - v. What is the units digit of k(1)?
9
Let w(c) = 2*c + 5. Let i be w(-4). Suppose -23 = -2*x + d, 6*x + 2*d = 3*x + 17. What is the units digit of (-11)/i*x/3?
1
Let g(s) = s**3 - s**2 + 4*s - 3. Let y be 7 - (-2)/(-6)*0. Suppose -5 = -2*t - 2*h + y, -4*t - 2*h = -16. What is the units digit of g(t)?
9
Let o(u) = 16*u**2 + 4*u - 4. Let v be o(2). Suppose c = -c + v. What is the tens digit of c?
3
Let j(v) = -7*v - 1. Let z be j(1). Let n = 9 + z. What is the units digit of n?
1
Suppose -2*y = -3 - 9. Suppose -5*t - 2*f = 0, t = -4*t + 3*f. Suppose t = -g - g + y. What is the units digit of g?
3
Let j = -20 - -50. What is the units digit of j?
0
Suppose -2*o - 3*o - 5*q = 55, 2*o + 25 = q. Let k = 3 - o. What is the tens digit of k?
1
Let r be (22/55)/((-1)/(-10)). Suppose 18 + 118 = r*l. What is the tens digit of l?
3
Let j = 84 - -14. What is the units digit of j?
8
Let d be 60/(-100)*-5*1. What is the units digit of (-168)/(-9) - d/(-9)?
9
Let a(y) = 0 - 2*y + 3 + 5*y - 4*y. Let p be a(0). Suppose 2*d - 33 = p. What is the units digit of d?
8
Let l(v) = -v**2 - 5*v + 11. Let n be l(-6). Suppose -p - 20 = -3*a, -n*p = 3*a + 3 - 11. What is the units digit of a?
6
Let z(h) = 7*h**2 + 7*h - 5*h**3 + h + 4*h**3 + 5. Let t = -20 - -28. What is the units digit of z(t)?
5
Let k = 428 + -303. What is the tens digit of k?
2
Let c = -1 + 